e highest common factor of 80 and g?
16
Suppose -4*p + 3*h = -111, 2*p = -4*h - 1 + 29. Let n = p + -21. Suppose n*v - 128 = -v. What is the greatest common factor of v and 8?
8
Let p(m) = -3*m**3 + 8*m**2 + 6*m - 2. Let c be p(-2). Calculate the greatest common divisor of c and 18.
6
Suppose -3*c = -0*c + 120. Let i be 15/(-2)*c/15. Calculate the highest common factor of 4 and i.
4
Let g(f) be the third derivative of f**6/30 + f**5/15 - 7*f**4/24 + 3*f**3/2 + f**2. Let x be g(3). What is the highest common factor of 12 and x?
12
Let p(d) = -d**3 + 4*d**2 + 61*d - 10. Let z be p(-7). What is the greatest common factor of 255 and z?
51
Let g be 5/10*2 + 2. Let t be (4 + g)*3 - -2. Let c(v) = 3*v**2 - 10*v - 7. Let w be c(-6). What is the greatest common divisor of w and t?
23
Suppose -3 = -3*z + 9. Suppose -z*g = -16 - 64. What is the highest common divisor of 8 and g?
4
Suppose -3*r + 59 = -1. Let o be (r/(-12))/(3/(-27)). Let l = o - 3. What is the greatest common divisor of l and 4?
4
Suppose -61 = 18*m - 19*m. Suppose m*f = 60*f + 45. Calculate the highest common factor of 9 and f.
9
Suppose 45*q - 1836 = -6*q. Suppose -280 = -g - 2*g + 2*m, -5*g - 3*m = -435. What is the greatest common factor of q and g?
18
Suppose -5*x + 2*z + 91 = 0, -5*x = 2*z - 81 + 2. What is the greatest common factor of x and 3?
1
Suppose -8*l + 443 = 251. What is the highest common factor of l and 104?
8
Let m = -313 - -355. Calculate the highest common divisor of 336 and m.
42
Let g be (15/(-2))/(30/8 - 4). Calculate the greatest common factor of 6 and g.
6
Let z be ((-6144)/(-144))/(1 + 2/(-6)). Suppose 5*d = -2*f - 7, 5*f - 5 = 4*d - 9*d. What is the highest common divisor of f and z?
4
Let c(j) = 4*j**2 + 27*j + 29. Let z be c(-6). What is the highest common factor of z and 198?
11
Let w(j) = 7*j**2 + 4*j + 18. Let y be w(3). Suppose 124 = -2*g + 6*g. Calculate the greatest common divisor of g and y.
31
Let y = -22 - -24. Suppose 0*a + 5*a + 4*f - 61 = 0, 0 = -y*f + 8. Suppose 14 + 13 = 3*i. Calculate the greatest common divisor of a and i.
9
Let j(q) = -q**2 + 45*q - 13. Let h be j(13). Calculate the greatest common factor of h and 31.
31
Let j be 2*(-9)/(-2) + 1. Suppose 4*d - 3972 = 5*m, 4*d - 1584 = m + m. Let i be 6/15 + m*(-1)/10. What is the highest common factor of i and j?
10
Suppose -3*b + 4*l + 105 - 29 = 0, -5*b - 2*l = -92. What is the greatest common factor of b and 25?
5
Let d = -23 - -23. Suppose -4*n + d*n + 44 = 5*l, -2*l - 3*n = -12. Let r = 20 - l. What is the highest common factor of 1 and r?
1
Let j(u) = -u + 19. Let n be j(13). Let b(a) = 4*a + 3. Let k(z) = z. Let q(y) = n*k(y) - b(y). Let i be q(6). Calculate the greatest common divisor of 6 and i.
3
Let y(j) = j**2 - 4*j - 7. Let x be y(6). Suppose 0*a = 5*a - x. What is the greatest common factor of a and 8?
1
Let t be (-8)/(-6)*(-198)/4. Let u be 18/27 + t/(-9). Calculate the highest common factor of u and 40.
8
Let q be 6*((-4)/18 - 13/(-18)). Let x be (48/20)/(q/105). Calculate the highest common divisor of 12 and x.
12
Suppose -5 = -10*i - 5. Suppose 5*a - 19 = v - i, 2*a - 5*v - 26 = 0. Let p be -5*(33/(-5))/1. Calculate the greatest common factor of p and a.
3
Let h(a) = -a**2 + 7*a + 244. Let u be h(17). Calculate the highest common factor of u and 2146.
74
Let h = 599 - 581. What is the highest common divisor of 6 and h?
6
Suppose 0 = 14*f + 2 - 30. Suppose -f*x = 9*x - 528. Calculate the greatest common factor of 12 and x.
12
Suppose -76 = -4*b + 4*q, 85*b + 4*q = 83*b + 32. Calculate the greatest common factor of b and 84.
6
Suppose -4*i + 2708 = 5*j, -4*i + 548 = j - 0*i. Let l be 16/(-96)*-294 - (-8 + 3). What is the greatest common factor of l and j?
54
Let z = 183 + 48. Let i = -39 + 72. Calculate the highest common factor of z and i.
33
Suppose -2*b = -b + 1. Let w be (1 + 0/b)/(-1). Let f be (-6 + 0)/(-1 + w). What is the highest common divisor of f and 12?
3
Let s be 5 + 1374/8 + (-21)/28. What is the greatest common factor of s and 48?
16
Suppose -9*t - 8 = -13*t. Let y be (8/24)/(t/126). What is the highest common factor of y and 105?
21
Let u = -226 + 386. What is the greatest common divisor of 5 and u?
5
Suppose -2*w = 7*w - 81. Calculate the greatest common divisor of 9 and w.
9
Suppose -55 = -4*g - 2*q + 937, 239 = g - 4*q. Calculate the highest common divisor of g and 19.
19
Let j be (3 + -7)*(-61)/2. Suppose 0*n = -n + j. Suppose 5*g - 38 = n. Calculate the greatest common factor of 4 and g.
4
Suppose -3*o = -3*a - 156, 4*a + 23 = 7. Calculate the highest common divisor of o and 42.
6
Let c(z) = -z**3 + 27*z**2 + 67*z - 21. Let n be c(29). Calculate the greatest common factor of n and 768.
48
Suppose -4*a = 2*j - 360, 6*j - j + a = 927. Calculate the highest common divisor of 1364 and j.
62
Let g = -154 - -260. Suppose g = 5*v + 16. Suppose 0 = 5*k - 7*k + 24. Calculate the greatest common divisor of k and v.
6
Suppose 2*y + 70 = -4*v, -2*v - 31 = -2*y - y. Let f(d) = -3*d + 12. Let j be f(v). What is the highest common divisor of 126 and j?
63
Suppose -r + 16 = -4*d + 8*d, 4 = 4*d. Suppose -12 = -2*h + q, -2*h + 4*h + 3*q = 28. Calculate the greatest common divisor of r and h.
4
Let z be (29 + -5)*6*1. Suppose 3*x - z = 5*v, 4*v - 144 = -3*x + 3*v. What is the greatest common divisor of 8 and x?
8
Suppose -16 + 52 = 3*x. Suppose -15*c - 6 = -x*c. Let a(v) = -2*v**3 - 4*v**2 - 4*v + 2. Let u be a(c). What is the highest common divisor of u and 110?
10
Let r(z) = 13*z - 8. Let l be r(6). Suppose -59*d + 728 = -33*d. What is the highest common factor of l and d?
14
Suppose 9 = -4*x - 4*a + 29, 11 = 3*x - a. Suppose 3*v + v + 159 = 3*y, 0 = 5*v + x*y + 160. Let g = v + 52. What is the highest common divisor of g and 40?
8
Suppose 5*m - 19 = -4. Suppose -5*u = -5*g - 90, -3*u + 12 = m*g - 30. Suppose p - u = -0*p. Calculate the greatest common factor of 8 and p.
8
Suppose -w + 3*a = 12, 2*w - 2 = -3*a + 19. Let s be w/(490/(-165) + 3). What is the highest common factor of s and 11?
11
Let g = -60 + 88. Let q be (168/(-5))/(3/(-20)). What is the highest common factor of g and q?
28
Let q be -5 + 1/6 + 8668/264. Let t = 13 + 15. What is the greatest common divisor of q and t?
28
Let g = 249 - 239. What is the highest common factor of g and 55?
5
Let q be ((-38)/4*12)/(15/(-50)). What is the highest common factor of 60 and q?
20
Let s = -4 + 6. Suppose -2*m = -p + m + 425, s*p - 877 = -3*m. Suppose 0 = -7*v + 2*v + 10, -v = 3*r - p. What is the greatest common factor of 18 and r?
18
Suppose -2*b = -3*b - 2, -4*b - 66 = -k. Calculate the highest common divisor of k and 4118.
58
Let m(v) = 14*v - 69. Let x be m(36). What is the greatest common divisor of 58 and x?
29
Suppose 43*w - 42*w = 66. What is the greatest common divisor of w and 110?
22
Suppose 6 = i + i - h, -i = -4*h - 10. Suppose -3*n = 5*k - 51, -i*n - 2*k - k + 34 = 0. Let l = 12 + 5. Calculate the highest common factor of l and n.
17
Let c be (2/(-3))/((-3)/9). Suppose -3*r = c*q - 44, 3*q - 4*q - 32 = -3*r. Let l = 166 - 46. Calculate the highest common divisor of r and l.
12
Let u be 21 - (1 - (-2)/(-2)). Let r be (4/(-14))/((-3)/u). Let z be ((-5)/10)/(r/(-4)). What is the highest common factor of 3 and z?
1
Let k = 30 + -20. Let b = -4569 + 4584. What is the greatest common factor of k and b?
5
Let p(w) = -w**3 - 3*w**3 - 4*w**2 - 3*w + 5*w**2 + 2*w**2. Let n be p(2). Let u = n - -56. What is the highest common divisor of 12 and u?
6
Suppose 3*i = -69 + 204. Suppose o - 2*j + 0*j - 20 = 0, -2*o = -3*j - 45. Calculate the greatest common divisor of i and o.
15
Let n be (-433)/(-3) + (-2)/(-3). Suppose -116 = 20*l - 22*l. What is the highest common divisor of n and l?
29
Let x(b) = 49*b - 220. Let o be x(5). Let n = 9 + 1. Calculate the highest common divisor of o and n.
5
Let x be (1 - -4)*-1*5. Suppose 0 = 2*o - 62 - 20. Let z = o + x. What is the greatest common factor of z and 48?
16
Suppose -4*h = 4*i - 256, -4*i + 114 = -4*h - 134. Let w be ((-3)/(18/4))/((-3)/i). What is the greatest common divisor of 21 and w?
7
Let m(l) = -30*l - 6. Let f be m(-2). Suppose 4*t = -2*t + f. Suppose 6*h - t - 27 = 0. What is the highest common divisor of h and 6?
6
Let v = 96 + -51. Suppose -3*o - 12 = 0, 3*